{"id":21,"date":"2019-07-23T14:11:08","date_gmt":"2019-07-23T14:11:08","guid":{"rendered":"https:\/\/kusnezov.de\/?page_id=21"},"modified":"2019-07-24T13:39:03","modified_gmt":"2019-07-24T13:39:03","slug":"kontakt","status":"publish","type":"page","link":"https:\/\/kusnezov.de\/?page_id=21","title":{"rendered":"Kontakt"},"content":{"rendered":"\n<h2 class=\"wp-block-heading\">Wir konnten Interesse bei Ihnen wecken? Das freut uns.<\/h2>\n\n\n\n<p>F\u00fcr weitere Informationen, Ausk\u00fcnfte oder Anfragen freuen wir uns \u00fcber Ihre Kontaktaufnahme.<\/p>\n\n\n\n<p> <\/p>\n\n\n\n<p>Vladislav Kusnezov <\/p>\n\n\n\n<p>Worzeldorfer Kirchsteig 14a<\/p>\n\n\n\n<p> 90455 N\u00fcrnberg <\/p>\n\n\n\n<p>Deutschland <\/p>\n\n\n\n<p>Tel: 0911 \/ 988607<\/p>\n\n\n\n<p>Email: info@kusnezov.de<\/p>\n","protected":false},"excerpt":{"rendered":"<p>Wir konnten Interesse bei Ihnen wecken? Das freut uns. F\u00fcr weitere Informationen, Ausk\u00fcnfte oder Anfragen freuen wir uns \u00fcber Ihre Kontaktaufnahme. Vladislav Kusnezov Worzeldorfer Kirchsteig 14a 90455 N\u00fcrnberg Deutschland Tel: 0911 \/ 988607 Email: info@kusnezov.de<\/p>\n","protected":false},"author":1,"featured_media":0,"parent":0,"menu_order":0,"comment_status":"closed","ping_status":"closed","template":"","meta":{"footnotes":""},"class_list":["post-21","page","type-page","status-publish","hentry"],"_links":{"self":[{"href":"https:\/\/kusnezov.de\/index.php?rest_route=\/wp\/v2\/pages\/21","targetHints":{"allow":["GET"]}}],"collection":[{"href":"https:\/\/kusnezov.de\/index.php?rest_route=\/wp\/v2\/pages"}],"about":[{"href":"https:\/\/kusnezov.de\/index.php?rest_route=\/wp\/v2\/types\/page"}],"author":[{"embeddable":true,"href":"https:\/\/kusnezov.de\/index.php?rest_route=\/wp\/v2\/users\/1"}],"replies":[{"embeddable":true,"href":"https:\/\/kusnezov.de\/index.php?rest_route=%2Fwp%2Fv2%2Fcomments&post=21"}],"version-history":[{"count":3,"href":"https:\/\/kusnezov.de\/index.php?rest_route=\/wp\/v2\/pages\/21\/revisions"}],"predecessor-version":[{"id":128,"href":"https:\/\/kusnezov.de\/index.php?rest_route=\/wp\/v2\/pages\/21\/revisions\/128"}],"wp:attachment":[{"href":"https:\/\/kusnezov.de\/index.php?rest_route=%2Fwp%2Fv2%2Fmedia&parent=21"}],"curies":[{"name":"wp","href":"https:\/\/api.w.org\/{rel}","templated":true}]}}