{"id":26,"date":"2019-07-23T14:11:56","date_gmt":"2019-07-23T14:11:56","guid":{"rendered":"https:\/\/kusnezov.de\/?page_id=26"},"modified":"2021-10-01T17:48:10","modified_gmt":"2021-10-01T17:48:10","slug":"impresum","status":"publish","type":"page","link":"https:\/\/kusnezov.de\/?page_id=26","title":{"rendered":"Impressum"},"content":{"rendered":"\n<p>Vladislav Kusnezov<br>Worzeldorfer Kirchsteig 14a<br>90455 N\u00fcrnberg<\/p>\n\n\n\n<p>Tel.: 0911\/988 60784<br>E-mail: info@kusnezov.de<\/p>\n\n\n\n<p>Webseite: www.kusnezov.de<br><\/p>\n\n\n\n<p>USt.-Id.-Nr. DE 250413597<\/p>\n\n\n\n<h3 class=\"wp-block-heading\">Haftung f\u00fcr Inhalte<\/h3>\n\n\n\n<p>Die Inhalte unserer Seiten wurden mit gr\u00f6\u00dfter Sorgfalt erstellt. F\u00fcr \ndie Richtigkeit, Vollst\u00e4ndigkeit und Aktualit\u00e4t der Inhalte k\u00f6nnen wir \njedoch keine Gew\u00e4hr \u00fcbernehmen. Als Diensteanbieter sind wir gem\u00e4\u00df \u00a7 7 \nAbs.1 TMG f\u00fcr eigene Inhalte auf diesen Seiten nach den allgemeinen \nGesetzen verantwortlich. Nach \u00a7\u00a7 8 bis 10 TMG sind wir als \nDiensteanbieter jedoch nicht verpflichtet, \u00fcbermittelte oder \ngespeicherte fremde Informationen zu \u00fcberwachen oder nach Umst\u00e4nden zu \nforschen, die auf eine rechtswidrige T\u00e4tigkeit hinweisen. \nVerpflichtungen zur Entfernung oder Sperrung der Nutzung von \nInformationen nach den allgemeinen Gesetzen bleiben hiervon unber\u00fchrt. \nEine diesbez\u00fcgliche Haftung ist jedoch erst ab dem Zeitpunkt der \nKenntnis einer konkreten Rechtsverletzung m\u00f6glich. Bei Bekanntwerden von\n entsprechenden Rechtsverletzungen werden wir diese Inhalte umgehend \nentfernen.<\/p>\n\n\n\n<h3 class=\"wp-block-heading\">Vervielf\u00e4ltigung<\/h3>\n\n\n\n<p>Jegliche Vervielf\u00e4ltigung der auf diesen Seiten zur Verf\u00fcgung \ngestellten Texte, Bilder und Grafiken bedarf der ausdr\u00fccklichen \nErlaubnis des Autors in Schriftform. Das Urheberrecht des Autors bleibt \nunber\u00fchrt. Das Nutzungsrecht liegt bei dem Herausgeber und darf ohne \nschriftliche Genehmigung nicht an Dritte weitergegeben werden. Alle \nTexte ohne Autorenangabe unterliegen dem Urheberrecht des Herausgebers. \nEbenfalls untersagt ist jegliche Vervielf\u00e4ltigung auf andere \nelektronische und nicht-elektronische Medien.<\/p>\n\n\n\n<h3 class=\"wp-block-heading\">Haftungsausschluss<\/h3>\n\n\n\n<p>Die Benutzung dieser Seite erfolgt auf eigene Gefahr. Wir \u00fcbernehmen \nkeine Haftung f\u00fcr Sch\u00e4den die aufgrund der Anwendung der in diesem \nAngebot genannten Informationen entstehen, wenn keine grobe \nFahrl\u00e4ssigkeit von unserer Seite vorliegt.<\/p>\n\n\n\n<h3 class=\"wp-block-heading\">Haftung f\u00fcr Links<\/h3>\n\n\n\n<p>Unser Angebot enth\u00e4lt Links zu externen Webseiten Dritter, auf deren \nInhalte wir keinen Einfluss haben. Deshalb k\u00f6nnen wir f\u00fcr diese fremden \nInhalte auch keine Gew\u00e4hr \u00fcbernehmen. F\u00fcr die Inhalte der verlinkten \nSeiten ist stets der jeweilige Anbieter oder Betreiber der Seiten \nverantwortlich. Die verlinkten Seiten wurden zum Zeitpunkt der \nVerlinkung auf m\u00f6gliche Rechtsverst\u00f6\u00dfe \u00fcberpr\u00fcft. Rechtswidrige Inhalte \nwaren zum Zeitpunkt der Verlinkung nicht erkennbar. Eine permanente \ninhaltliche Kontrolle der verlinkten Seiten ist jedoch ohne konkrete \nAnhaltspunkte einer Rechtsverletzung nicht zumutbar. Bei Bekanntwerden \nvon Rechtsverletzungen werden wir derartige Links umgehend entfernen.&nbsp;<\/p>\n\n\n\n<h3 class=\"wp-block-heading\">Datenschutz<\/h3>\n\n\n\n<p>Die Nutzung unserer Webseite ist in der Regel ohne Angabe \npersonenbezogener Daten m\u00f6glich. Soweit auf unseren Seiten \npersonenbezogene Daten (beispielsweise Name, Anschrift oder \neMail-Adressen) erhoben werden, erfolgt dies, soweit m\u00f6glich, stets auf \nfreiwilliger Basis. Diese Daten werden ohne Ihre ausdr\u00fcckliche \nZustimmung nicht an Dritte weitergegeben.<\/p>\n\n\n\n<p>Wir weisen darauf hin, dass die Daten\u00fcbertragung im Internet (z.B. \nbei der Kommunikation per E-Mail) Sicherheitsl\u00fccken aufweisen kann. Ein \nl\u00fcckenloser Schutz der Daten vor dem Zugriff durch Dritte ist nicht \nm\u00f6glich.<\/p>\n\n\n\n<p>Der Nutzung von im Rahmen der Impressumspflicht ver\u00f6ffentlichten \nKontaktdaten durch Dritte zur \u00dcbersendung von nicht ausdr\u00fccklich \nangeforderter Werbung und Informationsmaterialien wird hiermit \nausdr\u00fccklich widersprochen. Die Betreiber der Seiten behalten sich \nausdr\u00fccklich rechtliche Schritte im Falle der unverlangten Zusendung von\n Werbeinformationen, etwa durch Spam-Mails, vor.&nbsp;<\/p>\n\n\n\n<p>Alle Rechte vorbehalten. F\u00fcr R\u00fcckfragen stehen wir Ihnen gerne zur Verf\u00fcgung.<\/p>\n","protected":false},"excerpt":{"rendered":"<p>Vladislav KusnezovWorzeldorfer Kirchsteig 14a90455 N\u00fcrnberg Tel.: 0911\/988 60784E-mail: info@kusnezov.de Webseite: www.kusnezov.de USt.-Id.-Nr. DE 250413597 Haftung f\u00fcr Inhalte Die Inhalte unserer Seiten wurden mit gr\u00f6\u00dfter Sorgfalt erstellt. F\u00fcr die Richtigkeit, Vollst\u00e4ndigkeit und Aktualit\u00e4t der Inhalte k\u00f6nnen wir jedoch keine Gew\u00e4hr \u00fcbernehmen. Als Diensteanbieter sind wir gem\u00e4\u00df \u00a7 7 Abs.1 TMG f\u00fcr eigene Inhalte auf diesen Seiten<\/p><\/div>\n<div class=\"blog-btn\"><a href=\"https:\/\/kusnezov.de\/?page_id=26\" class=\"home-blog-btn\">Weiterlesen<\/a><\/p>\n","protected":false},"author":1,"featured_media":0,"parent":0,"menu_order":0,"comment_status":"closed","ping_status":"closed","template":"","meta":{"footnotes":""},"class_list":["post-26","page","type-page","status-publish","hentry"],"_links":{"self":[{"href":"https:\/\/kusnezov.de\/index.php?rest_route=\/wp\/v2\/pages\/26","targetHints":{"allow":["GET"]}}],"collection":[{"href":"https:\/\/kusnezov.de\/index.php?rest_route=\/wp\/v2\/pages"}],"about":[{"href":"https:\/\/kusnezov.de\/index.php?rest_route=\/wp\/v2\/types\/page"}],"author":[{"embeddable":true,"href":"https:\/\/kusnezov.de\/index.php?rest_route=\/wp\/v2\/users\/1"}],"replies":[{"embeddable":true,"href":"https:\/\/kusnezov.de\/index.php?rest_route=%2Fwp%2Fv2%2Fcomments&post=26"}],"version-history":[{"count":7,"href":"https:\/\/kusnezov.de\/index.php?rest_route=\/wp\/v2\/pages\/26\/revisions"}],"predecessor-version":[{"id":280,"href":"https:\/\/kusnezov.de\/index.php?rest_route=\/wp\/v2\/pages\/26\/revisions\/280"}],"wp:attachment":[{"href":"https:\/\/kusnezov.de\/index.php?rest_route=%2Fwp%2Fv2%2Fmedia&parent=26"}],"curies":[{"name":"wp","href":"https:\/\/api.w.org\/{rel}","templated":true}]}}