{"id":41,"date":"2019-07-24T09:48:12","date_gmt":"2019-07-24T09:48:12","guid":{"rendered":"https:\/\/kusnezov.de\/?page_id=41"},"modified":"2019-08-02T08:07:45","modified_gmt":"2019-08-02T08:07:45","slug":"ueber-uns","status":"publish","type":"page","link":"https:\/\/kusnezov.de\/?page_id=41","title":{"rendered":"\u00dcber uns"},"content":{"rendered":"\n<p><strong> Gr\u00fcndung im Jahr 2003 <\/strong><\/p>\n\n\n\n<p>Unser Ziel Langfristige Zufriedenheit<\/p>\n\n\n\n<p style=\"text-align:left\">Um Sie auf lange Sicht zufrieden zu stellen, bauen wir auf Qualit\u00e4t,  Zuverl\u00e4ssigkeit und gegenseitiges Vertrauen &#8211; die Grundvoraussetzungen  f\u00fcr eine langfristige Partnerschaft.<\/p>\n\n\n\n<p><\/p>\n\n\n\n<p>       <\/p>\n","protected":false},"excerpt":{"rendered":"<p>Gr\u00fcndung im Jahr 2003 Unser Ziel Langfristige Zufriedenheit Um Sie auf lange Sicht zufrieden zu stellen, bauen wir auf Qualit\u00e4t, Zuverl\u00e4ssigkeit und gegenseitiges Vertrauen &#8211; die Grundvoraussetzungen f\u00fcr eine langfristige Partnerschaft.<\/p>\n","protected":false},"author":1,"featured_media":0,"parent":0,"menu_order":0,"comment_status":"closed","ping_status":"closed","template":"","meta":{"footnotes":""},"class_list":["post-41","page","type-page","status-publish","hentry"],"_links":{"self":[{"href":"https:\/\/kusnezov.de\/index.php?rest_route=\/wp\/v2\/pages\/41","targetHints":{"allow":["GET"]}}],"collection":[{"href":"https:\/\/kusnezov.de\/index.php?rest_route=\/wp\/v2\/pages"}],"about":[{"href":"https:\/\/kusnezov.de\/index.php?rest_route=\/wp\/v2\/types\/page"}],"author":[{"embeddable":true,"href":"https:\/\/kusnezov.de\/index.php?rest_route=\/wp\/v2\/users\/1"}],"replies":[{"embeddable":true,"href":"https:\/\/kusnezov.de\/index.php?rest_route=%2Fwp%2Fv2%2Fcomments&post=41"}],"version-history":[{"count":5,"href":"https:\/\/kusnezov.de\/index.php?rest_route=\/wp\/v2\/pages\/41\/revisions"}],"predecessor-version":[{"id":250,"href":"https:\/\/kusnezov.de\/index.php?rest_route=\/wp\/v2\/pages\/41\/revisions\/250"}],"wp:attachment":[{"href":"https:\/\/kusnezov.de\/index.php?rest_route=%2Fwp%2Fv2%2Fmedia&parent=41"}],"curies":[{"name":"wp","href":"https:\/\/api.w.org\/{rel}","templated":true}]}}